le of 396?
False
Is 29 a factor of 4472109?
False
Is 24 a factor of 676211?
False
Is 105 a factor of 4285934?
False
Does 99 divide 1467064?
False
Is 10512113 a multiple of 961?
False
Is 26 a factor of 514606?
False
Does 40 divide 70416?
False
Does 99 divide 7639295?
False
Does 2 divide 5634?
True
Does 19 divide 131502?
False
Is 396044 a multiple of 798?
False
Is 195 a factor of 508560?
True
Is 76 a factor of 10518914?
False
Is 80225 a multiple of 7?
False
Is 39 a factor of 67393?
False
Does 188 divide 1451924?
True
Does 4 divide 26026?
False
Is 111 a factor of 266582?
False
Is 415 a factor of 1088130?
True
Is 1209266 a multiple of 746?
True
Does 14 divide 2433830?
True
Does 66 divide 799886?
False
Does 62 divide 349928?
True
Does 7 divide 738780?
True
Is 8 a factor of 240216?
True
Is 9 a factor of 467010?
True
Does 48 divide 687098?
False
Is 496967 a multiple of 348?
False
Is 310 a factor of 164610?
True
Is 47 a factor of 194956?
True
Is 6 a factor of 2935131?
False
Is 210036 a multiple of 92?
True
Is 50 a factor of 445500?
True
Is 26 a factor of 954091?
False
Does 16 divide 1139232?
True
Is 107689 a multiple of 48?
False
Is 27489355 a multiple of 33?
False
Is 1729884 a multiple of 676?
True
Does 10 divide 43820?
True
Is 5 a factor of 20131?
False
Is 14 a factor of 63916?
False
Is 147 a factor of 290619?
True
Does 39 divide 4271982?
True
Does 2064 divide 5921616?
True
Does 20 divide 260806?
False
Is 151677 a multiple of 9?
True
Is 334357 a multiple of 11?
False
Is 10 a factor of 5089440?
True
Is 253911 a multiple of 63?
False
Does 8 divide 831003?
False
Is 83107 a multiple of 24?
False
Is 38 a factor of 4563698?
False
Is 19 a factor of 2192197?
False
Is 201 a factor of 1331119?
False
Is 579 a factor of 5538448?
False
Is 29580 a multiple of 34?
True
Is 15550458 a multiple of 42?
True
Is 12 a factor of 42468?
True
Is 3 a factor of 15510?
True
Is 3242432 a multiple of 29?
True
Is 604160 a multiple of 254?
False
Does 19 divide 178546?
False
Is 37 a factor of 4624149?
True
Is 857640 a multiple of 420?
True
Is 2961 a multiple of 52?
False
Does 11 divide 3318612?
True
Does 8 divide 317616?
True
Is 124 a factor of 64870?
False
Is 6769 a multiple of 38?
False
Is 28938438 a multiple of 62?
True
Is 1998958 a multiple of 13?
True
Is 468 a factor of 209145?
False
Is 453624 a multiple of 12?
True
Does 645 divide 7572300?
True
Is 1752384 a multiple of 64?
True
Is 8 a factor of 15519?
False
Does 15 divide 18708?
False
Is 59909 a multiple of 315?
False
Does 41 divide 31939?
True
Is 11 a factor of 472116?
False
Does 8 divide 1378762?
False
Is 9469680 a multiple of 749?
False
Is 28144429 a multiple of 491?
False
Is 227138 a multiple of 4?
False
Does 29 divide 355859?
True
Is 126732 a multiple of 354?
True
Does 42 divide 1100872?
False
Is 32 a factor of 403295?
False
Is 333984 a multiple of 168?
True
Is 4 a factor of 284602?
False
Is 35728 a multiple of 2?
True
Is 52427 a multiple of 2?
False
Does 121 divide 1725581?
True
Is 9 a factor of 105409?
False
Is 1741903 a multiple of 114?
False
Is 11 a factor of 15569943?
False
Is 36 a factor of 14127?
False
Does 5 divide 1639850?
True
Does 234 divide 58500?
True
Is 39427 a multiple of 89?
True
Is 462 a factor of 670110?
False
Does 60 divide 4767455?
False
Is 2128700 a multiple of 35?
True
Does 26 divide 2917615?
False
Is 35 a factor of 11795?
True
Is 481413 a multiple of 12?
False
Does 1484 divide 8073099?
False
Is 15712 a multiple of 19?
False
Is 28 a factor of 719592?
False
Is 141 a factor of 190670?
False
Is 1412368 a multiple of 285?
False
Is 26560654 a multiple of 1237?
False
Is 307039 a multiple of 46?
False
Is 331 a factor of 237327?
True
Is 737810 a multiple of 178?
True
Is 847 a factor of 9389363?
False
Is 925 a factor of 2564807?
False
Is 8 a factor of 258287?
False
Does 52 divide 56472?
True
Is 1468092 a multiple of 76?
True
Does 350 divide 2816100?
True
Is 232934 a multiple of 65?
False
Is 207554 a multiple of 15?
False
Is 8 a factor of 2353320?
True
Is 86 a factor of 1277788?
True
Is 364 a factor of 103012?
True
Does 42 divide 1267804?
False
Is 553 a factor of 5502470?
False
Does 1347 divide 3560368?
False
Is 196 a factor of 120736?
True
Does 298 divide 1605258?
False
Is 5882370 a multiple of 195?
True
Does 25 divide 20482775?
True
Does 9 divide 31884?
False
Does 20 divide 2596944?
False
Is 169816 a multiple of 13?
False
Is 9 a factor of 1262?
False
Does 84 divide 97944?
True
Does 354 divide 9040806?
True
Is 65 a factor of 636969?
False
Is 13 a factor of 4392206?
True
Is 1380 a factor of 10530780?
True
Is 1060761 a multiple of 265?
False
Is 2059880 a multiple of 5?
True
Does 7 divide 2782556?
True
Is 265672 a multiple of 44?
True
Does 18 divide 86328?
True
Is 6430 a multiple of 6?
False
Is 122 a factor of 4950150?
True
Is 189468 a multiple of 228?
True
Is 19 a factor of 1707169?
True
Is 142 a factor of 7526?
True
Is 523 a factor of 5381413?
False
Is 124524 a multiple of 4?
True
Is 5 a factor of 470259?
False
Is 190158 a multiple of 28?
False
Is 384 a factor of 13155072?
True
Does 11 divide 423599?
True
Is 9 a factor of 13053?
False
Is 13 a factor of 307903?
False
Is 44 a factor of 139234?
False
Is 72292 a multiple of 62?
True
Is 23 a factor of 109215?
False
Does 297 divide 37607?
False
Does 24 divide 3270739?
False
Is 10 a factor of 374113?
False
Is 792640 a multiple of 40?
True
Does 107 divide 7259843?
True
Is 1495750 a multiple of 98?
False
Is 11 a factor of 3353471?
True
Is 146889 a multiple of 19?
True
Is 5431895 a multiple of 658?
False
Is 258 a factor of 84896?
False
Is 3141105 a multiple of 11?
True
Is 29296516 a multiple of 22?
False
Is 75 a factor of 1865325?
True
Does 676 divide 219700?
True
Does 10 divide 118450?
True
Is 176654 a multiple of 49?
False
Does 165 divide 1073985?
True
Is 17 a factor of 1119008?
True
Is 10826722 a multiple of 17?
True
Does 11 divide 348018?
True
Is 179708 a multiple of 7?
False
Is 36 a factor of 1738116?
True
Is 29 a factor of 459913?
False
Is 20 a factor of 26600?
True
Is 2258913 a multiple of 435?
False
Is 358554 a multiple of 21?
True
Is 833 a factor of 14370454?
False
Is 275219 a multiple of 375?
False
Does 26 divide 654446?
True
Is 7 a factor of 379350?
False
Does 99 divide 312602?
False
Is 48825 a multiple of 75?
True
Is 8 a factor of 931273?
False
Is 3054695 a multiple of 12?
False
Is 598288 a multiple of 8?
True
Is 19 a factor of 11800862?
True
Is 513520 a multiple of 262?
True
Is 728611 a multiple of 533?
True
Does 48 divide 7789404?
False
Is 165662 a multiple of 226?
False
Is 5 a factor of 5798450?
True
Is 26 a factor of 6220067?
False
Does 80 divide 1125920?
True
Is 324 a factor of 426893?
False
Does 11 divide 39149?
True
Is 470 a factor of 1374280?
True
Is 43 a factor of 746738?
True
Is 181690 a multiple of 6?
False
Is 6 a factor of 7619388?
True
Is 26 a factor of 10791170?
True
Is 300528 a multiple of 16?
True
Is 1736406 a multiple of 82?
False
Is 132435 a multiple of 454?
False
Is 2800 a multiple of 8?
True
Does 28 divide 221559?
False
Is 804 a factor of 6643420?
False
Is 164 a factor of 7017668?
False
Is 31 a factor of 131358?
False
Does 139 divide 1068411?
False
Does 7 divide 297544?
False
Does 31 divide 295182?
True
Is 13 a factor of 2315228?
False
Is 79 a factor of 3633760?
False
Does 166 divide 1789314?
True
Does 84 divide 342552?
True
Is 2444603 a multiple of 72?
False
Is 15096 a multiple of 37?
True
Is 23 a factor of 1949566?
False
Is 88 a factor of 56854?
False
Is 76868 a multiple of 5?
False
Is 243664 a multiple of 314?
True
Does 494 divide 853138?
True
Does 39 divide 302830?
False
Is 106 a factor of 134295?
False
Is 1955570 a multiple of 334?
True
Does 5 divide 54355?
True
Is 113 a factor of 237187?
True
Is 17 a factor of 180047?
True
Does 255 divide 185130?
True
Is 227 a factor of 818289?
False
Does 492 divide 4400448?
True
Is 142800 a multiple of 140?
True
Does 20 divide 1239673?
False
Is 21 a factor of 720863?
False
Is 347936 a multiple of 83?
True
Does 18 divide 90972?
True
Does 15 divide 41565?
True
Is 47 a factor of 17152?
False
Is 8 a factor of 68364?
False
Is 33080 a multiple of 12?
False
Does 14 divide 375113?
False
Is 38 a factor of 5257034?
True
Does 26 divide 206243?
False
Does 1553 divide 31369047?
True
Is 12 a factor of 6931